{"id":698,"date":"2025-01-01T19:55:45","date_gmt":"2025-01-01T19:55:45","guid":{"rendered":"https:\/\/fwdpanama.com\/desarrollo-pagina-web\/?page_id=698"},"modified":"2026-03-17T00:48:26","modified_gmt":"2026-03-17T00:48:26","slug":"community-manager-panama-2","status":"publish","type":"page","link":"https:\/\/fwdpanama.com\/desarrollo-pagina-web\/community-manager-panama-2\/","title":{"rendered":"Community Manager"},"content":{"rendered":"\t\t<div data-elementor-type=\"wp-page\" data-elementor-id=\"698\" class=\"elementor elementor-698\" data-elementor-post-type=\"page\">\n\t\t\t\t<div class=\"elementor-element elementor-element-cbfc117 e-grid e-con-boxed e-con e-parent\" data-id=\"cbfc117\" data-element_type=\"container\">\n\t\t\t\t\t<div class=\"e-con-inner\">\n\t\t\t\t<div class=\"elementor-element elementor-element-8b72419 elementor--h-position-center elementor--v-position-middle elementor-arrows-position-inside elementor-pagination-position-inside elementor-widget elementor-widget-slides\" data-id=\"8b72419\" data-element_type=\"widget\" data-settings=\"{&quot;navigation&quot;:&quot;both&quot;,&quot;autoplay&quot;:&quot;yes&quot;,&quot;pause_on_hover&quot;:&quot;yes&quot;,&quot;pause_on_interaction&quot;:&quot;yes&quot;,&quot;autoplay_speed&quot;:5000,&quot;infinite&quot;:&quot;yes&quot;,&quot;transition&quot;:&quot;slide&quot;,&quot;transition_speed&quot;:500}\" data-widget_type=\"slides.default\">\n\t\t\t\t<div class=\"elementor-widget-container\">\n\t\t\t\t\t<div class=\"elementor-swiper\">\n\t\t\t<div class=\"elementor-slides-wrapper elementor-main-swiper swiper\" dir=\"ltr\" data-animation=\"fadeInUp\">\n\t\t\t\t<div class=\"swiper-wrapper elementor-slides\">\n\t\t\t\t\t\t\t\t\t\t<div class=\"elementor-repeater-item-ef7a101 swiper-slide\"><div class=\"swiper-slide-bg\" role=\"img\"><\/div><div class=\"swiper-slide-inner\" ><div class=\"swiper-slide-contents\"><\/div><\/div><\/div>\t\t\t\t<\/div>\n\t\t\t\t\t\t\t<\/div>\n\t\t<\/div>\n\t\t\t\t<\/div>\n\t\t\t\t<\/div>\n\t\t\t\t<div class=\"elementor-element elementor-element-1471f20 elementor-widget elementor-widget-heading\" data-id=\"1471f20\" data-element_type=\"widget\" data-widget_type=\"heading.default\">\n\t\t\t\t<div class=\"elementor-widget-container\">\n\t\t\t<h1 class=\"elementor-heading-title elementor-size-default\">\u00bfPor qu\u00e9 su empresa necesita un Community Manager? <\/h1>\t\t<\/div>\n\t\t\t\t<\/div>\n\t\t\t\t<div class=\"elementor-element elementor-element-76f873e elementor-widget elementor-widget-heading\" data-id=\"76f873e\" data-element_type=\"widget\" data-widget_type=\"heading.default\">\n\t\t\t\t<div class=\"elementor-widget-container\">\n\t\t\t<h2 class=\"elementor-heading-title elementor-size-default\">La clave para triunfar en el mundo digital<\/h2>\t\t<\/div>\n\t\t\t\t<\/div>\n\t\t<div class=\"elementor-element elementor-element-3593173 e-flex e-con-boxed e-con e-child\" data-id=\"3593173\" data-element_type=\"container\">\n\t\t\t\t\t<div class=\"e-con-inner\">\n\t\t\t\t<div class=\"elementor-element elementor-element-b5c0e67 elementor-widget elementor-widget-text-editor\" data-id=\"b5c0e67\" data-element_type=\"widget\" data-widget_type=\"text-editor.default\">\n\t\t\t\t<div class=\"elementor-widget-container\">\n\t\t\t\t\t\t\t<p>En la era digital actual, las redes sociales son mucho m\u00e1s que un canal de comunicaci\u00f3n. Son el punto de encuentro entre las marcas y sus audiencias, el escaparate virtual donde se construye la identidad de una empresa y donde se crean las relaciones m\u00e1s duraderas con los consumidores. Pero, para que tu marca brille entre miles de competidores, necesitas un experto que se encargue de optimizar su presencia en estas plataformas. Es ah\u00ed donde entra en juego el <strong>Community Manager<\/strong>, un profesional clave para el \u00e9xito digital de su empresa.<\/p><p>Si te preguntas c\u00f3mo un <strong>Community Manager<\/strong> puede transformar tu presencia online y llevar tu marca a nuevas alturas, este art\u00edculo es para ti. A continuaci\u00f3n, desglosar\u00e9 c\u00f3mo este profesional puede mejorar tu visibilidad, aumentar la interacci\u00f3n con tus seguidores y, lo m\u00e1s importante, potenciar las ventas de tu negocio.<\/p><h2>\u00bfQu\u00e9 es un Community Manager y por qu\u00e9 es esencial para tu marca?<\/h2><p>Un <strong>Community Manager<\/strong> es el responsable de gestionar la presencia online de tu marca en redes sociales, crear una comunidad fiel alrededor de ella y mantener una comunicaci\u00f3n activa y efectiva con los usuarios. Este profesional no solo se encarga de publicar contenido atractivo, sino que tambi\u00e9n tiene la capacidad de crear estrategias de comunicaci\u00f3n que fidelicen a los seguidores, aumentar el alcance de la marca y fomentar la conversi\u00f3n de seguidores en clientes.<br \/>En pocas palabras, un Community Manager es el alma digital de tu marca. \u00c9l o ella no solo se ocupa de las publicaciones diarias, sino que adem\u00e1s:<\/p><ol><li><strong>Desarrolla estrategias de engagement<\/strong> que incentivan la participaci\u00f3n activa de los usuarios.<\/li><li><strong>Mide y analiza m\u00e9tricas<\/strong> para mejorar continuamente las campa\u00f1as en redes sociales.<\/li><li><strong>Gestiona crisis de reputaci\u00f3n online<\/strong>, respondiendo r\u00e1pidamente a comentarios negativos y garantizando una imagen positiva.<\/li><\/ol><div style=\"text-align: center;\"><a href=\"https:\/\/wa.me\/50768016060?text=Deseo%20contratar%20los%20servicios%20de%20community%20manager%20para%20mi%20empresa\"><br \/><img decoding=\"async\" style=\"width: 468px; height: 100px;\" src=\"https:\/\/fwdpanama.com\/desarrollo-pagina-web\/wp-content\/uploads\/2025\/01\/community-manager-en-panama.jpg\" alt=\"Community Manager\" \/><br \/><\/a><\/div><h2>El impacto de un Community Manager en la estrategia digital<\/h2><p>Hoy en d\u00eda, las redes sociales son mucho m\u00e1s que una herramienta de entretenimiento. Son el principal canal de comunicaci\u00f3n entre las marcas y los consumidores. Un Community Manager es crucial para aprovechar el potencial de estas plataformas, ya que tiene el conocimiento y las herramientas necesarias para:<\/p><ol><li style=\"list-style-type: none;\"><ol><li><strong>Construir la imagen de tu marca<\/strong><br \/>Un Community Manager se encarga de darle una voz \u00fanica a tu marca en las redes sociales, alineando todos los mensajes con la identidad de la empresa. Adem\u00e1s, crea una narrativa atractiva que conecta emocionalmente con tu audiencia, estableciendo una relaci\u00f3n de confianza a largo plazo.<\/li><li><strong>Generar contenido relevante y optimizado<\/strong><br \/>El contenido es el rey de las redes sociales, pero no todo contenido es igual. Un Community Manager sabe exactamente qu\u00e9 tipo de publicaciones interesan a tu p\u00fablico objetivo. Adem\u00e1s, crea contenido optimizado para SEO, que no solo genera interacci\u00f3n, sino que tambi\u00e9n mejora tu posicionamiento en los motores de b\u00fasqueda como Google.<\/li><li><strong>Interactuar con la comunidad<\/strong><br \/>La interacci\u00f3n constante es clave para crear una comunidad s\u00f3lida y leal. El Community Manager se encarga de responder preguntas, resolver dudas, agradecer comentarios y fomentar conversaciones que mantengan a los usuarios comprometidos con la marca.<\/li><li><strong>Optimizaci\u00f3n de la presencia en redes sociales para SEO <\/strong><br \/>Un aspecto crucial que muchas marcas pasan por alto es la relaci\u00f3n directa entre las redes sociales y el SEO. Un Community Manager tiene la capacidad de aplicar estrategias de SEO en plataformas sociales para mejorar el ranking de tu sitio web en Google, logrando una mayor visibilidad en los resultados de b\u00fasqueda.<\/li><\/ol><\/li><\/ol><h2>Beneficios de tener un Community Manager para tu marca<\/h2><p>La figura del Community Manager es esencial para cualquier empresa que desee sobresalir en el mundo digital. A continuaci\u00f3n, te detallo los beneficios clave de contar con un Community Manager en tu equipo:<\/p><ol><li><strong>Mejora tu visibilidad y posicionamiento online<\/strong><br \/>Un Community Manager trabaja para garantizar que tu marca tenga una presencia s\u00f3lida en todas las redes sociales relevantes. A trav\u00e9s de t\u00e9cnicas de SEO, tanto dentro de los perfiles como en las publicaciones, optimiza la visibilidad de tu marca. Adem\u00e1s, se encarga de vincular las redes sociales con tu sitio web para atraer tr\u00e1fico org\u00e1nico desde plataformas sociales.<\/li><li><strong>Aumenta el engagement con tu audiencia<\/strong><br \/>La interacci\u00f3n con los seguidores es fundamental. Un Community Manager fomenta el engagement creando contenido que motive a los usuarios a comentar, compartir y reaccionar. Cuanto mayor sea la interacci\u00f3n, m\u00e1s probabilidades hay de que tu contenido llegue a una mayor audiencia, lo que resulta en un aumento de la lealtad hacia la marca.<\/li><li><strong>Gestiona la reputaci\u00f3n online<\/strong><br \/>Las redes sociales son un reflejo de la opini\u00f3n p\u00fablica sobre tu marca. Un Community Manager act\u00faa como el embajador de tu empresa, manejando comentarios, rese\u00f1as y quejas de manera efectiva. Esto asegura que la percepci\u00f3n de tu marca siga siendo positiva, incluso en situaciones dif\u00edciles.<\/li><li><strong>An\u00e1lisis de datos para una estrategia m\u00e1s efectiva<\/strong><br \/>Un Community Manager no solo se limita a crear y publicar contenido. Tambi\u00e9n realiza un seguimiento detallado de las m\u00e9tricas clave (likes, shares, comentarios, CTR, etc.) para ajustar y mejorar las estrategias continuamente. Al analizar estos datos, puedes conocer mejor a tu audiencia, lo que te permite crear campa\u00f1as a\u00fan m\u00e1s efectivas en el futuro.<\/li><li><strong>Generaci\u00f3n de contenido visual atractivo<\/strong><br \/>El contenido visual, como im\u00e1genes, videos y gr\u00e1ficos, es fundamental para captar la atenci\u00f3n de los usuarios en las redes sociales. Un Community Manager sabe c\u00f3mo crear contenido visual de alta calidad que represente fielmente los valores de tu marca, manteniendo a los seguidores enganchados y comprometidos.<\/li><\/ol><div style=\"text-align: center;\"><a href=\"https:\/\/wa.me\/50768016060?text=Deseo%20contratar%20los%20servicios%20de%20un%20community%20manager%20para%20mi%20empresa\">\u00a0<\/a><\/div>\t\t\t\t\t\t<\/div>\n\t\t\t\t<\/div>\n\t\t\t\t\t<\/div>\n\t\t\t\t<\/div>\n\t\t\t\t\t<\/div>\n\t\t\t\t<\/div>\n\t\t<div class=\"elementor-element elementor-element-5a8fe5b e-grid e-con-boxed e-con e-parent\" data-id=\"5a8fe5b\" data-element_type=\"container\" data-settings=\"{&quot;background_background&quot;:&quot;classic&quot;}\">\n\t\t\t\t\t<div class=\"e-con-inner\">\n\t\t\t\t<div class=\"elementor-element elementor-element-3e79cf0 elementor-widget elementor-widget-heading\" data-id=\"3e79cf0\" data-element_type=\"widget\" data-widget_type=\"heading.default\">\n\t\t\t\t<div class=\"elementor-widget-container\">\n\t\t\t<h1 class=\"elementor-heading-title elementor-size-default\">\u00bfBuscas un Community Manager en Panam\u00e1?<\/h1>\t\t<\/div>\n\t\t\t\t<\/div>\n\t\t\t\t\t<\/div>\n\t\t\t\t<\/div>\n\t\t<div class=\"elementor-element elementor-element-8c5eaf5 e-flex e-con-boxed e-con e-parent\" data-id=\"8c5eaf5\" data-element_type=\"container\" data-settings=\"{&quot;background_background&quot;:&quot;classic&quot;}\">\n\t\t\t\t\t<div class=\"e-con-inner\">\n\t\t<div class=\"elementor-element elementor-element-6ebf769 e-con-full e-flex e-con e-child\" data-id=\"6ebf769\" data-element_type=\"container\">\n\t\t\t\t<div class=\"elementor-element elementor-element-1644c7f elementor-widget elementor-widget-image\" data-id=\"1644c7f\" data-element_type=\"widget\" data-widget_type=\"image.default\">\n\t\t\t\t<div class=\"elementor-widget-container\">\n\t\t\t\t\t\t\t\t\t\t\t\t\t<img decoding=\"async\" src=\"https:\/\/fwdpanama.com\/desarrollo-pagina-web\/wp-content\/uploads\/elementor\/thumbs\/grace-almanza-panama-rhm0c21rpuy9h1vo6a895c80r1sjs8w1ekjxt1hv0k.png\" title=\"grace-almanza-panama\" alt=\"grace-almanza-panama\" loading=\"lazy\" \/>\t\t\t\t\t\t\t\t\t\t\t\t\t<\/div>\n\t\t\t\t<\/div>\n\t\t\t\t<\/div>\n\t\t<div class=\"elementor-element elementor-element-5a0b377 e-con-full e-flex e-con e-child\" data-id=\"5a0b377\" data-element_type=\"container\">\n\t\t\t\t<div class=\"elementor-element elementor-element-9ac77c0 elementor-widget elementor-widget-heading\" data-id=\"9ac77c0\" data-element_type=\"widget\" data-widget_type=\"heading.default\">\n\t\t\t\t<div class=\"elementor-widget-container\">\n\t\t\t<h2 class=\"elementor-heading-title elementor-size-default\">Lic. Grace Almanza<\/h2>\t\t<\/div>\n\t\t\t\t<\/div>\n\t\t\t\t<div class=\"elementor-element elementor-element-d419b6a elementor-widget elementor-widget-heading\" data-id=\"d419b6a\" data-element_type=\"widget\" data-widget_type=\"heading.default\">\n\t\t\t\t<div class=\"elementor-widget-container\">\n\t\t\t<h3 class=\"elementor-heading-title elementor-size-default\">Community Manager especializada en Marketing Digital<\/h3>\t\t<\/div>\n\t\t\t\t<\/div>\n\t\t\t\t<div class=\"elementor-element elementor-element-36b63b7 elementor-widget elementor-widget-text-editor\" data-id=\"36b63b7\" data-element_type=\"widget\" data-widget_type=\"text-editor.default\">\n\t\t\t\t<div class=\"elementor-widget-container\">\n\t\t\t\t\t\t\t<p>Desde hace 15 a\u00f1os ha trabajado con marcas nacionales e internacionales en sectores como moda, bebidas, productos de consumo masivo, tecnolog\u00eda, restaurantes, turismo, corporativo, legal y telecomunicaciones. Enfocada en anuncios, dise\u00f1o y posicionamiento de marca, ha gestionado m\u00e1s de 100 marcas, principalmente para empresas medianas y grandes con presencia local e internacional.<\/p>\t\t\t\t\t\t<\/div>\n\t\t\t\t<\/div>\n\t\t\t\t<div class=\"elementor-element elementor-element-16df1d0 elementor-align-left elementor-widget elementor-widget-button\" data-id=\"16df1d0\" data-element_type=\"widget\" data-widget_type=\"button.default\">\n\t\t\t\t<div class=\"elementor-widget-container\">\n\t\t\t\t\t\t\t<div class=\"elementor-button-wrapper\">\n\t\t\t\t\t<a class=\"elementor-button elementor-button-link elementor-size-sm\" href=\"https:\/\/wa.me\/50768016060?text=Estoy%20interesado%20en%20conocer%20sobre%20los%20servicios%20de%20community%20manager\" target=\"_blank\">\n\t\t\t\t\t\t<span class=\"elementor-button-content-wrapper\">\n\t\t\t\t\t\t\t\t\t<span class=\"elementor-button-text\">Quiero m\u00e1s informaci\u00f3n<\/span>\n\t\t\t\t\t<\/span>\n\t\t\t\t\t<\/a>\n\t\t\t\t<\/div>\n\t\t\t\t\t\t<\/div>\n\t\t\t\t<\/div>\n\t\t\t\t<\/div>\n\t\t\t\t\t<\/div>\n\t\t\t\t<\/div>\n\t\t\t\t<\/div>\n\t\t","protected":false},"excerpt":{"rendered":"<p>\u00bfPor qu\u00e9 su empresa necesita un Community Manager? La clave para triunfar en el mundo digital En la era digital actual, las redes sociales son mucho m\u00e1s que un canal de comunicaci\u00f3n. Son el punto de encuentro entre las marcas y sus audiencias, el escaparate virtual donde se construye la identidad de una empresa y [&hellip;]<\/p>\n","protected":false},"author":2,"featured_media":0,"parent":0,"menu_order":0,"comment_status":"closed","ping_status":"closed","template":"","meta":{"footnotes":""},"class_list":["post-698","page","type-page","status-publish","hentry"],"yoast_head":"<!-- This site is optimized with the Yoast SEO plugin v24.0 - https:\/\/yoast.com\/wordpress\/plugins\/seo\/ -->\n<title>Community Manager en Panam\u00e1 | Manejamos tus Redes Sociales<\/title>\n<meta name=\"description\" content=\"\u00bfBuscas un Community Manager en Panam\u00e1? Potencia tu presencia digital con estrategias efectivas en redes sociales. Gesti\u00f3n profesional, contenido que conecta y resultados medibles.\" \/>\n<meta name=\"robots\" content=\"index, follow, max-snippet:-1, max-image-preview:large, max-video-preview:-1\" \/>\n<link rel=\"canonical\" href=\"https:\/\/fwdpanama.com\/desarrollo-pagina-web\/community-manager-panama-2\/\" \/>\n<meta property=\"og:locale\" content=\"es_ES\" \/>\n<meta property=\"og:type\" content=\"article\" \/>\n<meta property=\"og:title\" content=\"Community Manager en Panam\u00e1 | Manejamos tus Redes Sociales\" \/>\n<meta property=\"og:description\" content=\"\u00bfBuscas un Community Manager en Panam\u00e1? Potencia tu presencia digital con estrategias efectivas en redes sociales. Gesti\u00f3n profesional, contenido que conecta y resultados medibles.\" \/>\n<meta property=\"og:url\" content=\"https:\/\/fwdpanama.com\/desarrollo-pagina-web\/community-manager-panama-2\/\" \/>\n<meta property=\"og:site_name\" content=\"Future Web Design\" \/>\n<meta property=\"article:modified_time\" content=\"2026-03-17T00:48:26+00:00\" \/>\n<meta property=\"og:image\" content=\"https:\/\/fwdpanama.com\/desarrollo-pagina-web\/wp-content\/uploads\/2025\/01\/community-manager-en-panama.jpg\" \/>\n<meta name=\"twitter:card\" content=\"summary_large_image\" \/>\n<meta name=\"twitter:label1\" content=\"Tiempo de lectura\" \/>\n\t<meta name=\"twitter:data1\" content=\"5 minutos\" \/>\n<script type=\"application\/ld+json\" class=\"yoast-schema-graph\">{\"@context\":\"https:\/\/schema.org\",\"@graph\":[{\"@type\":\"WebPage\",\"@id\":\"https:\/\/fwdpanama.com\/desarrollo-pagina-web\/community-manager-panama-2\/\",\"url\":\"https:\/\/fwdpanama.com\/desarrollo-pagina-web\/community-manager-panama-2\/\",\"name\":\"Community Manager en Panam\u00e1 | Manejamos tus Redes Sociales\",\"isPartOf\":{\"@id\":\"https:\/\/fwdpanama.com\/desarrollo-pagina-web\/#website\"},\"primaryImageOfPage\":{\"@id\":\"https:\/\/fwdpanama.com\/desarrollo-pagina-web\/community-manager-panama-2\/#primaryimage\"},\"image\":{\"@id\":\"https:\/\/fwdpanama.com\/desarrollo-pagina-web\/community-manager-panama-2\/#primaryimage\"},\"thumbnailUrl\":\"https:\/\/fwdpanama.com\/desarrollo-pagina-web\/wp-content\/uploads\/2025\/01\/community-manager-en-panama.jpg\",\"datePublished\":\"2025-01-01T19:55:45+00:00\",\"dateModified\":\"2026-03-17T00:48:26+00:00\",\"description\":\"\u00bfBuscas un Community Manager en Panam\u00e1? Potencia tu presencia digital con estrategias efectivas en redes sociales. Gesti\u00f3n profesional, contenido que conecta y resultados medibles.\",\"breadcrumb\":{\"@id\":\"https:\/\/fwdpanama.com\/desarrollo-pagina-web\/community-manager-panama-2\/#breadcrumb\"},\"inLanguage\":\"es\",\"potentialAction\":[{\"@type\":\"ReadAction\",\"target\":[\"https:\/\/fwdpanama.com\/desarrollo-pagina-web\/community-manager-panama-2\/\"]}]},{\"@type\":\"ImageObject\",\"inLanguage\":\"es\",\"@id\":\"https:\/\/fwdpanama.com\/desarrollo-pagina-web\/community-manager-panama-2\/#primaryimage\",\"url\":\"https:\/\/fwdpanama.com\/desarrollo-pagina-web\/wp-content\/uploads\/2025\/01\/community-manager-en-panama.jpg\",\"contentUrl\":\"https:\/\/fwdpanama.com\/desarrollo-pagina-web\/wp-content\/uploads\/2025\/01\/community-manager-en-panama.jpg\",\"width\":468,\"height\":100,\"caption\":\"community-manager-en-panama\"},{\"@type\":\"BreadcrumbList\",\"@id\":\"https:\/\/fwdpanama.com\/desarrollo-pagina-web\/community-manager-panama-2\/#breadcrumb\",\"itemListElement\":[{\"@type\":\"ListItem\",\"position\":1,\"name\":\"Portada\",\"item\":\"https:\/\/fwdpanama.com\/desarrollo-pagina-web\/\"},{\"@type\":\"ListItem\",\"position\":2,\"name\":\"Community Manager\"}]},{\"@type\":\"WebSite\",\"@id\":\"https:\/\/fwdpanama.com\/desarrollo-pagina-web\/#website\",\"url\":\"https:\/\/fwdpanama.com\/desarrollo-pagina-web\/\",\"name\":\"Desarrollo Web y Dise\u00f1o Web Profesional en Panam\u00e1 - Future Web Design Panam\u00e1\",\"description\":\"Desarrollo web, seo y marketing digital en Panam\u00e1\",\"publisher\":{\"@id\":\"https:\/\/fwdpanama.com\/desarrollo-pagina-web\/#organization\"},\"potentialAction\":[{\"@type\":\"SearchAction\",\"target\":{\"@type\":\"EntryPoint\",\"urlTemplate\":\"https:\/\/fwdpanama.com\/desarrollo-pagina-web\/?s={search_term_string}\"},\"query-input\":{\"@type\":\"PropertyValueSpecification\",\"valueRequired\":true,\"valueName\":\"search_term_string\"}}],\"inLanguage\":\"es\"},{\"@type\":\"Organization\",\"@id\":\"https:\/\/fwdpanama.com\/desarrollo-pagina-web\/#organization\",\"name\":\"Desarrollo Web y Dise\u00f1o Web Profesional en Panam\u00e1 - Future Web Design Panam\u00e1\",\"url\":\"https:\/\/fwdpanama.com\/desarrollo-pagina-web\/\",\"logo\":{\"@type\":\"ImageObject\",\"inLanguage\":\"es\",\"@id\":\"https:\/\/fwdpanama.com\/desarrollo-pagina-web\/#\/schema\/logo\/image\/\",\"url\":\"https:\/\/fwdpanama.com\/desarrollo-pagina-web\/wp-content\/uploads\/2024\/11\/logo-fwd-web.png\",\"contentUrl\":\"https:\/\/fwdpanama.com\/desarrollo-pagina-web\/wp-content\/uploads\/2024\/11\/logo-fwd-web.png\",\"width\":260,\"height\":90,\"caption\":\"Desarrollo Web y Dise\u00f1o Web Profesional en Panam\u00e1 - Future Web Design Panam\u00e1\"},\"image\":{\"@id\":\"https:\/\/fwdpanama.com\/desarrollo-pagina-web\/#\/schema\/logo\/image\/\"},\"sameAs\":[\"https:\/\/www.instagram.com\/futurewebdigital\/\"]}]}<\/script>\n<!-- \/ Yoast SEO plugin. -->","yoast_head_json":{"title":"Community Manager en Panam\u00e1 | Manejamos tus Redes Sociales","description":"\u00bfBuscas un Community Manager en Panam\u00e1? Potencia tu presencia digital con estrategias efectivas en redes sociales. Gesti\u00f3n profesional, contenido que conecta y resultados medibles.","robots":{"index":"index","follow":"follow","max-snippet":"max-snippet:-1","max-image-preview":"max-image-preview:large","max-video-preview":"max-video-preview:-1"},"canonical":"https:\/\/fwdpanama.com\/desarrollo-pagina-web\/community-manager-panama-2\/","og_locale":"es_ES","og_type":"article","og_title":"Community Manager en Panam\u00e1 | Manejamos tus Redes Sociales","og_description":"\u00bfBuscas un Community Manager en Panam\u00e1? Potencia tu presencia digital con estrategias efectivas en redes sociales. Gesti\u00f3n profesional, contenido que conecta y resultados medibles.","og_url":"https:\/\/fwdpanama.com\/desarrollo-pagina-web\/community-manager-panama-2\/","og_site_name":"Future Web Design","article_modified_time":"2026-03-17T00:48:26+00:00","og_image":[{"url":"https:\/\/fwdpanama.com\/desarrollo-pagina-web\/wp-content\/uploads\/2025\/01\/community-manager-en-panama.jpg","type":"","width":"","height":""}],"twitter_card":"summary_large_image","twitter_misc":{"Tiempo de lectura":"5 minutos"},"schema":{"@context":"https:\/\/schema.org","@graph":[{"@type":"WebPage","@id":"https:\/\/fwdpanama.com\/desarrollo-pagina-web\/community-manager-panama-2\/","url":"https:\/\/fwdpanama.com\/desarrollo-pagina-web\/community-manager-panama-2\/","name":"Community Manager en Panam\u00e1 | Manejamos tus Redes Sociales","isPartOf":{"@id":"https:\/\/fwdpanama.com\/desarrollo-pagina-web\/#website"},"primaryImageOfPage":{"@id":"https:\/\/fwdpanama.com\/desarrollo-pagina-web\/community-manager-panama-2\/#primaryimage"},"image":{"@id":"https:\/\/fwdpanama.com\/desarrollo-pagina-web\/community-manager-panama-2\/#primaryimage"},"thumbnailUrl":"https:\/\/fwdpanama.com\/desarrollo-pagina-web\/wp-content\/uploads\/2025\/01\/community-manager-en-panama.jpg","datePublished":"2025-01-01T19:55:45+00:00","dateModified":"2026-03-17T00:48:26+00:00","description":"\u00bfBuscas un Community Manager en Panam\u00e1? Potencia tu presencia digital con estrategias efectivas en redes sociales. Gesti\u00f3n profesional, contenido que conecta y resultados medibles.","breadcrumb":{"@id":"https:\/\/fwdpanama.com\/desarrollo-pagina-web\/community-manager-panama-2\/#breadcrumb"},"inLanguage":"es","potentialAction":[{"@type":"ReadAction","target":["https:\/\/fwdpanama.com\/desarrollo-pagina-web\/community-manager-panama-2\/"]}]},{"@type":"ImageObject","inLanguage":"es","@id":"https:\/\/fwdpanama.com\/desarrollo-pagina-web\/community-manager-panama-2\/#primaryimage","url":"https:\/\/fwdpanama.com\/desarrollo-pagina-web\/wp-content\/uploads\/2025\/01\/community-manager-en-panama.jpg","contentUrl":"https:\/\/fwdpanama.com\/desarrollo-pagina-web\/wp-content\/uploads\/2025\/01\/community-manager-en-panama.jpg","width":468,"height":100,"caption":"community-manager-en-panama"},{"@type":"BreadcrumbList","@id":"https:\/\/fwdpanama.com\/desarrollo-pagina-web\/community-manager-panama-2\/#breadcrumb","itemListElement":[{"@type":"ListItem","position":1,"name":"Portada","item":"https:\/\/fwdpanama.com\/desarrollo-pagina-web\/"},{"@type":"ListItem","position":2,"name":"Community Manager"}]},{"@type":"WebSite","@id":"https:\/\/fwdpanama.com\/desarrollo-pagina-web\/#website","url":"https:\/\/fwdpanama.com\/desarrollo-pagina-web\/","name":"Desarrollo Web y Dise\u00f1o Web Profesional en Panam\u00e1 - Future Web Design Panam\u00e1","description":"Desarrollo web, seo y marketing digital en Panam\u00e1","publisher":{"@id":"https:\/\/fwdpanama.com\/desarrollo-pagina-web\/#organization"},"potentialAction":[{"@type":"SearchAction","target":{"@type":"EntryPoint","urlTemplate":"https:\/\/fwdpanama.com\/desarrollo-pagina-web\/?s={search_term_string}"},"query-input":{"@type":"PropertyValueSpecification","valueRequired":true,"valueName":"search_term_string"}}],"inLanguage":"es"},{"@type":"Organization","@id":"https:\/\/fwdpanama.com\/desarrollo-pagina-web\/#organization","name":"Desarrollo Web y Dise\u00f1o Web Profesional en Panam\u00e1 - Future Web Design Panam\u00e1","url":"https:\/\/fwdpanama.com\/desarrollo-pagina-web\/","logo":{"@type":"ImageObject","inLanguage":"es","@id":"https:\/\/fwdpanama.com\/desarrollo-pagina-web\/#\/schema\/logo\/image\/","url":"https:\/\/fwdpanama.com\/desarrollo-pagina-web\/wp-content\/uploads\/2024\/11\/logo-fwd-web.png","contentUrl":"https:\/\/fwdpanama.com\/desarrollo-pagina-web\/wp-content\/uploads\/2024\/11\/logo-fwd-web.png","width":260,"height":90,"caption":"Desarrollo Web y Dise\u00f1o Web Profesional en Panam\u00e1 - Future Web Design Panam\u00e1"},"image":{"@id":"https:\/\/fwdpanama.com\/desarrollo-pagina-web\/#\/schema\/logo\/image\/"},"sameAs":["https:\/\/www.instagram.com\/futurewebdigital\/"]}]}},"_links":{"self":[{"href":"https:\/\/fwdpanama.com\/desarrollo-pagina-web\/wp-json\/wp\/v2\/pages\/698","targetHints":{"allow":["GET"]}}],"collection":[{"href":"https:\/\/fwdpanama.com\/desarrollo-pagina-web\/wp-json\/wp\/v2\/pages"}],"about":[{"href":"https:\/\/fwdpanama.com\/desarrollo-pagina-web\/wp-json\/wp\/v2\/types\/page"}],"author":[{"embeddable":true,"href":"https:\/\/fwdpanama.com\/desarrollo-pagina-web\/wp-json\/wp\/v2\/users\/2"}],"replies":[{"embeddable":true,"href":"https:\/\/fwdpanama.com\/desarrollo-pagina-web\/wp-json\/wp\/v2\/comments?post=698"}],"version-history":[{"count":103,"href":"https:\/\/fwdpanama.com\/desarrollo-pagina-web\/wp-json\/wp\/v2\/pages\/698\/revisions"}],"predecessor-version":[{"id":1553,"href":"https:\/\/fwdpanama.com\/desarrollo-pagina-web\/wp-json\/wp\/v2\/pages\/698\/revisions\/1553"}],"wp:attachment":[{"href":"https:\/\/fwdpanama.com\/desarrollo-pagina-web\/wp-json\/wp\/v2\/media?parent=698"}],"curies":[{"name":"wp","href":"https:\/\/api.w.org\/{rel}","templated":true}]}}